536 - -364?
-1b2
In base 4, what is -1103 - -1301111200?
1301110031
In base 8, what is 5 + -122601405?
-122601400
In base 9, what is 20520327 - 0?
20520327
In base 10, what is 204593 + 85?
204678
In base 4, what is -1 - -3320313002?
3320313001
In base 12, what is 103 - 1750b?
-17408
In base 11, what is -2052a22 - 16?
-2052a38
In base 2, what is -11111110 + 101000110101010?
101000010101100
In base 2, what is -1001111100010011111010 + -10010001?
-1001111100010110001011
In base 15, what is 12c - -6d9c?
6ec9
In base 6, what is -33 - -52345303?
52345230
In base 6, what is -5022240 + -30?
-5022310
In base 7, what is -2423 + 303656?
301233
In base 4, what is -100033200312 - -30?
-100033200222
In base 4, what is 1300221 - 12332320?
-11032033
In base 6, what is 400 + -40453434?
-40453034
In base 7, what is -4 - -2641543066?
2641543062
In base 7, what is 231003322 - 2?
231003320
In base 5, what is 401 - -12041141003?
12041141404
In base 5, what is 42 - 22131203?
-22131111
In base 13, what is -3740 - -1a31?
-1a0c
In base 13, what is c17 - 70627?
-6c710
In base 14, what is -382 - -11a30?
1168c
In base 6, what is 5215 - -3344213?
3353432
In base 13, what is 38 - 1bc9b?
-1bc63
In base 14, what is 121 - -6b77d?
6b8a0
In base 14, what is 3 - -92d295?
92d298
In base 11, what is -3136 - -17a2?
-1444
In base 11, what is -25 - 14917?
-14941
In base 6, what is 34215 + -103533?
-25314
In base 13, what is 14913 + -22c?
146b4
In base 13, what is 194b - -2c908?
31556
In base 10, what is 7629 + 11644?
19273
In base 12, what is -5 - 2bb047?
-2bb050
In base 9, what is -11 - 7517822?
-7517833
In base 14, what is -562cb0d - -1?
-562cb0c
In base 11, what is -3 - 1a8608?
-1a8610
In base 11, what is 22925839 - -3?
22925841
In base 16, what is -533 - 1e70b?
-1ec3e
In base 7, what is 6 + 152663020?
152663026
In base 15, what is -39 - 1cb1b87?
-1cb1bc1
In base 14, what is 514684 + 4?
514688
In base 13, what is -59296 - -23?
-59273
In base 10, what is 45 - -494117?
494162
In base 4, what is -2232032 - 123232?
-3021330
In base 15, what is 10d8e65 + -2?
10d8e63
In base 5, what is 321023444 + 121?
321024120
In base 9, what is 106 + -10278865?
-10278758
In base 13, what is -7c22 + 637?
-75b8
In base 13, what is -a7b - 2369b?
-24449
In base 2, what is 101110111000100110011110 - 100?
101110111000100110011010
In base 4, what is 12030002011 + -1010?
12030001001
In base 3, what is -2001010201012201 + 11?
-2001010201012120
In base 12, what is 25b09205 - 1?
25b09204
In base 5, what is 33330042 - 2040?
33323002
In base 16, what is -2b4a + -71b?
-3265
In base 9, what is 3208577 - -21?
3208608
In base 15, what is -caa7e - 9?
-caa88
In base 4, what is -113021213223 + 0?
-113021213223
In base 11, what is -238498 - -309?
-23818a
In base 13, what is -963 + 7a8a?
7127
In base 5, what is 11034200 + 430?
11040130
In base 13, what is -a + -32cc387?
-32cc394
In base 7, what is 0 + -116041015?
-116041015
In base 2, what is -10111000101111010101011 - 100011?
-10111000101111011001110
In base 5, what is -1243322231221 + -4?
-1243322231230
In base 6, what is -2 + 31540535?
31540533
In base 3, what is 1100120 - 102210200?
-101110010
In base 11, what is -149a58 + 464?
-1495a4
In base 14, what is -1b15 + -8c35?
-a94a
In base 3, what is -110011001 - 220021101?
-1100102102
In base 9, what is 12135668 + 43?
12135722
In base 14, what is -3 + 5694b5?
5694b2
In base 16, what is -f3feed + 3?
-f3feea
In base 3, what is -120112120220222 + 12?
-120112120220210
In base 2, what is -11011100011110111100 - -10?
-11011100011110111010
In base 11, what is a0164 + 3215?
a3379
In base 14, what is 1 - -b2da7b?
b2da7c
In base 10, what is -23 - -410387?
410364
In base 2, what is -110001111111101001000010 - 11?
-110001111111101001000101
In base 12, what is 2 + 231854?
231856
In base 2, what is -110 + -101100111001011010111?
-101100111001011011101
In base 9, what is -167181 - -275?
-166805
In base 10, what is -86 - 2979?
-3065
In base 11, what is -724 + 10847?
10123
In base 4, what is -2123011130 - -100103?
-2122311021
In base 16, what is 426db + 6e?
42749
In base 2, what is -11 + 11111101010100010100000011?
11111101010100010100000000
In base 13, what is -2a010 + -442?
-2a452
In base 9, what is 603385 - -1160?
604555
In base 2, what is 11000010101011100 + 11?
11000010101011111
In base 3, what is 10 + 101020210121202?
101020210121212
In base 2, what is 1000 - -100111010000111111001?
100111010001000000001
In base 7, what is -216305 + 2002?
-214303
In base 5, what is -111121242 - 2113?
-111123410
In base 4, what is 0 - 22001223313?
-22001223313
In base 11, what is 3 - 92525302?
-925252aa
In base 7, what is -2525150 + 30?
-2525120
In base 16, what is -13 + 994fb?
994e8
In base 3, what is -21000012212020 - 11?
-21000012212101
In base 9, what is 1222 + -3166?
-1844
In base 9, what is -462542 - 4?
-462546
In base 6, what is -303422024 - -101?
-303421523
In base 6, what is 32511251 + -1252?
32505555
In base 15, what is -17322574 - -4?
-17322570
In base 10, what is -1 + 5348107?
5348106
In base 9, what is -54 + -540515?
-540570
In base 2, what is 1100110010000101010 - -101?
1100110010000101111
In base 14, what is 5613 - 1a19?
39d8
In base 13, what is 60 - -24aba4?
24ac34
In base 4, what is -12330330133011 + 2?
-12330330133003
In base 15, what is 171b0 - -18a0?
18a60
In base 12, what is 31 + -108282?
-108251
In base 16, what is 7810 - -39b5?
b1c5
In base 13, what is 3352 + -1b8?
3167
In base 3, what is 211110000210 - -20201?
211110021111
In base 10, what is 654 - -286663?
287317
In base 10, what is -347 + 166599?
166252
In base 4, what is -11 + 10211212330?
10211212313
In base 11, what is 4aa7918 - 4?
4aa7914
In base 15, what is -5 + a3532?
a352c
In base 3, what is -1 + 22111222010011101?
22111222010011100
In base 14, what is 1b - -57c0?
57db
In base 16, what is -19b + -2366d6?
-236871
In base 12, what is -598 - 11571b?
-1160b7
In base 5, what is 120421 + 141241?
312212
In base 16, what is -1cec - -4e5?
-1807
In base 11, what is -1a4a52 - 330?
-1a5282
In base 4, what is -10 - -11233223022313?
11233223022303
In base 3, what is 101011110 + 102001?
101120111
In base 14, what is 6b90 + 14bd?
826d
In base 3, what is 1210200 - -20012121100?
20021102000
In base 6, what is 245325222 + -3?
245325215
In base 13, what is -136 - -23826?
236c0
In base 12, what is 299 - -183074?
183351
In base 9, what is 11532 + 885?
12527
In base 8, what is -24 + -144214335?
-144214361
In base 3, what is -12122021222102 - 100?
-12122021222202
In base 14, what is 38092c5 - 1?
38092c4
In base 6, what is 1 - 1352531120?
-1352531115
In base 7, what is -4213 + 112210?
104664
In base 8, what is -1 - -155436233?
155436232
In base 11, what is -108430 + -1a?
-10844a
In base 9, what is -464 + 10182?
8617
In base 5, what is -24431 - -124034?
44103
In base 12, what is -4 - -722183?
72217b
In base 16, what is -24 - -6dbf3?
6dbcf
In base 14, what is -4303c2 + -5d?
-430441
In base 7, what is -4 - 6012003?
-6012010
In base 12, what is -8b9310 + -16?
-8b9326
In base 6, what is -3033400415 + -11?
-3033400430
In base 9, what is 40 - 24412555?
-24412515
In base 5, what is 1434020443 - 100?
1434020343
In base 4, what is 302030 + -1032110?
-130020
In base 10, what is -34209620 + 8?
-34209612
In base 6, what is 210131 - -112424?
322555
In base 6, what is -2313412 - -220?
-2313152
In base 10, what is 264613 + -611?
264002
In base 4, what is -12103110011 + 22?
-12103103323
In base 8, what is -13 - -1774755?
1774742
In base 13, what is 4 + 59876298?
5987629c
In base 7, what is 145401 - 1120?
144251
In base 12, what is -653b979 - 4?
-653b981
In base 6, what is -205 - -3423053?
3422444
In base 12, what is 6485 + -20?
6465
In base 3, what is -2 + -211200000211002?
-211200000211011
In base 12, what is 11b207a8 - 0?
11b207a8
In base 3, what is -100212112202022 + -2001?
-100212112211100
In base 14, what is 97129 + -39a?
96b6d
In base 10, what is 35595680 + 0?
35595680
In base 16, what is 0 - -1b5879?
1b5879
In base 16, what is 2d9bea44 - 1?
2d9bea43
In base 13, what is 146 - -4505?
464b
In base 12, what is 238 + 12574?
127b0
In base 14, what is -24c45 - 3d19?
-28b60
In base 7, what is -30 + -33366332?
-33366362
In base 9, what is -10531 + -110670?
-121311
In base 3, what is -1021210002201120 - 111?
